{"id":1841,"date":"2021-09-03T15:30:30","date_gmt":"2021-09-03T13:30:30","guid":{"rendered":"https:\/\/mazarron.websiteagency.nl\/strand\/"},"modified":"2025-04-16T13:59:59","modified_gmt":"2025-04-16T11:59:59","slug":"strand","status":"publish","type":"page","link":"https:\/\/villamazarron.nl\/de\/costa-calida\/strand\/","title":{"rendered":"Strand"},"content":{"rendered":"<div id='full_slider_1'  class='avia-fullwidth-slider main_color avia-shadow   avia-builder-el-0  el_before_av_one_full  avia-builder-el-first   container_wrap fullsize'  ><div  class='avia-slideshow av-kqwhdkff-ba55b9c94521400b578f986213fea580 avia-slideshow-featured_large av_slideshow_full avia-slide-slider av-slideshow-ui av-control-hidden av-no-slider-navigation av-hide-nav-arrows av-slideshow-manual av-loop-once av-loop-manual-endless av-default-height-applied  image_no_stretch avia-slideshow-1' data-slideshow-options=\"{&quot;animation&quot;:&quot;slide&quot;,&quot;autoplay&quot;:false,&quot;loop_autoplay&quot;:&quot;once&quot;,&quot;interval&quot;:5,&quot;loop_manual&quot;:&quot;manual-endless&quot;,&quot;autoplay_stopper&quot;:false,&quot;noNavigation&quot;:true,&quot;bg_slider&quot;:false,&quot;keep_padding&quot;:false,&quot;hoverpause&quot;:false,&quot;show_slide_delay&quot;:0}\"  itemprop=\"image\" itemscope=\"itemscope\" itemtype=\"https:\/\/schema.org\/ImageObject\" ><ul class='avia-slideshow-inner ' style='padding-bottom: 42%;'><li  class='avia-slideshow-slide av-kqwhdkff-ba55b9c94521400b578f986213fea580__0  av-single-slide slide-1 slide-odd'><div data-rel='slideshow-1' class='avia-slide-wrap '   ><img decoding=\"async\" fetchpriority=\"high\" class=\"wp-image-5168 avia-img-lazy-loading-not-5168\"  src=\"https:\/\/villamazarron.nl\/wp-content\/uploads\/2025\/02\/Strand-villamazarron-1500x630.jpg\" width=\"1500\" height=\"630\" title='Strand - villamazarron' alt=''  itemprop=\"thumbnailUrl\"   \/><\/div><\/li><\/ul><\/div><\/div><div id='after_full_slider_1'  class='main_color av_default_container_wrap container_wrap fullsize'  ><div class='container av-section-cont-open' ><div class='template-page content  av-content-full alpha units'><div class='post-entry post-entry-type-page post-entry-1841'><div class='entry-content-wrapper clearfix'>\n\n<style type=\"text\/css\" data-created_by=\"avia_inline_auto\" id=\"style-css-av-6rcwi-50e8109c3275d7bee153623f957f94b6\">\n.flex_column.av-6rcwi-50e8109c3275d7bee153623f957f94b6{\nborder-radius:0px 0px 0px 0px;\npadding:0px 0px 0px 0px;\n}\n<\/style>\n<div  class='flex_column av-6rcwi-50e8109c3275d7bee153623f957f94b6 av_one_full  avia-builder-el-1  el_after_av_slideshow_full  avia-builder-el-no-sibling  first flex_column_div av-zero-column-padding  '     ><p>\n<style type=\"text\/css\" data-created_by=\"avia_inline_auto\" id=\"style-css-av-14jz6-fe24346676c6e4ee76c5c651d9fe931d\">\n#top .av-special-heading.av-14jz6-fe24346676c6e4ee76c5c651d9fe931d{\npadding-bottom:10px;\n}\nbody .av-special-heading.av-14jz6-fe24346676c6e4ee76c5c651d9fe931d .av-special-heading-tag .heading-char{\nfont-size:25px;\n}\n.av-special-heading.av-14jz6-fe24346676c6e4ee76c5c651d9fe931d .av-subheading{\nfont-size:15px;\n}\n<\/style>\n<div  class='av-special-heading av-14jz6-fe24346676c6e4ee76c5c651d9fe931d av-special-heading-h1 blockquote modern-quote modern-centered  avia-builder-el-2  el_before_av_textblock  avia-builder-el-first '><h1 class='av-special-heading-tag '  itemprop=\"headline\"  >Strand<\/h1><div class=\"special-heading-border\"><div class=\"special-heading-inner-border\"><\/div><\/div><\/div><br \/>\n<section  class='av_textblock_section av-kqwfrq1w-dc9a8dd3688f9d156b260e169f959240 '   itemscope=\"itemscope\" itemtype=\"https:\/\/schema.org\/CreativeWork\" ><div class='avia_textblock'  itemprop=\"text\" ><p>Die s\u00fcdliche Costa C\u00e1lida ist ein kleines Paradies mit milden Temperaturen. Aufgrund des bergigen Hinterlandes ist dieses Gebiet windgesch\u00fctzt, so dass die Temperaturen das ganze Jahr \u00fcber sehr angenehm sind. Es gibt ein subtropisches Mittelmeerklima mit einer durchschnittlichen Jahrestemperatur von 18 \u00b0 C mit warmen, aber milden Sommern (28-32 \u00b0 C) und milden Wintern; Ideal zum &#8222;\u00dcberwintern&#8220; an diesem fantastischen K\u00fcstenstreifen in einer der Villen von Villamazarron. Die Sonne scheint durchschnittlich 320 Tage im Jahr und ist damit einer der besten Orte in Europa, um Ihren Urlaub das ganze Jahr \u00fcber zu feiern. Nicht umsonst wird dieser K\u00fcstenstreifen die &#8222;Costa C\u00e1lida&#8220; (warme K\u00fcste) genannt. Die Luftfeuchtigkeit ist sehr niedrig. All dies ergibt eine perfekte Kombination aus Meer, subtropischem Wetter, viel Licht und sauberer Luft. Dar\u00fcber hinaus tr\u00e4gt das Vorhandensein von Salzseen und Kiefernw\u00e4ldern zu einer gesunden Umwelt bei. Alle diese Faktoren zusammen wirken sich erstaunlich positiv auf Ihre Gesundheit aus. Beschwerden aufgrund von Rheuma, Gicht oder Lungenerkrankungen k\u00f6nnen aufgrund des klimatischen Einflusses dieser Region abnehmen. An der Costa C\u00e1lida finden Sie das beste und ges\u00fcndeste Klima in Spanien, was durch die Tatsache best\u00e4tigt wird, dass die Weltgesundheitsorganisation (WHO) die Provinz Murcia aufgrund der sauberen Luft zur saubersten Provinz Europas erkl\u00e4rt hat. Erleben Sie es selbst; Willkommen als Gast von Villamazarron.<\/p>\n<p>Klicken Sie <a title=\"Casa anavicente\" href=\"http:\/\/www.villamazarron.nl\/de\/villas\/casa-anavicente\/\">hier<\/a> f\u00fcr weitere Informationen \u00fcber Casa Anavicente.<br \/>\n<img decoding=\"async\" class=\"aligncenter wp-image-1846 size-full\" title=\"strand\" src=\"https:\/\/villamazarron.nl\/wp-content\/uploads\/2021\/09\/strand.png\" alt=\"\" width=\"704\" height=\"348\" srcset=\"https:\/\/villamazarron.nl\/wp-content\/uploads\/2021\/09\/strand.png 704w, https:\/\/villamazarron.nl\/wp-content\/uploads\/2021\/09\/strand-300x148.png 300w\" sizes=\"(max-width: 704px) 100vw, 704px\" \/><\/p>\n<\/div><\/section><\/p><\/div>\n","protected":false},"excerpt":{"rendered":"","protected":false},"author":1,"featured_media":0,"parent":1823,"menu_order":0,"comment_status":"closed","ping_status":"closed","template":"","meta":{"footnotes":""},"class_list":["post-1841","page","type-page","status-publish","hentry"],"_links":{"self":[{"href":"https:\/\/villamazarron.nl\/de\/wp-json\/wp\/v2\/pages\/1841","targetHints":{"allow":["GET"]}}],"collection":[{"href":"https:\/\/villamazarron.nl\/de\/wp-json\/wp\/v2\/pages"}],"about":[{"href":"https:\/\/villamazarron.nl\/de\/wp-json\/wp\/v2\/types\/page"}],"author":[{"embeddable":true,"href":"https:\/\/villamazarron.nl\/de\/wp-json\/wp\/v2\/users\/1"}],"replies":[{"embeddable":true,"href":"https:\/\/villamazarron.nl\/de\/wp-json\/wp\/v2\/comments?post=1841"}],"version-history":[{"count":7,"href":"https:\/\/villamazarron.nl\/de\/wp-json\/wp\/v2\/pages\/1841\/revisions"}],"predecessor-version":[{"id":5593,"href":"https:\/\/villamazarron.nl\/de\/wp-json\/wp\/v2\/pages\/1841\/revisions\/5593"}],"up":[{"embeddable":true,"href":"https:\/\/villamazarron.nl\/de\/wp-json\/wp\/v2\/pages\/1823"}],"wp:attachment":[{"href":"https:\/\/villamazarron.nl\/de\/wp-json\/wp\/v2\/media?parent=1841"}],"curies":[{"name":"wp","href":"https:\/\/api.w.org\/{rel}","templated":true}]}}

<div id='full_slider_1'  class='avia-fullwidth-slider main_color avia-shadow   avia-builder-el-0  el_before_av_one_full  avia-builder-el-first   container_wrap fullsize'  ><div  class='avia-slideshow av-kqwhdkff-ba55b9c94521400b578f986213fea580 avia-slideshow-featured_large av_slideshow_full avia-slide-slider av-slideshow-ui av-control-hidden av-no-slider-navigation av-hide-nav-arrows av-slideshow-manual av-loop-once av-loop-manual-endless av-default-height-applied  image_no_stretch avia-slideshow-1' data-slideshow-options="{&quot;animation&quot;:&quot;slide&quot;,&quot;autoplay&quot;:false,&quot;loop_autoplay&quot;:&quot;once&quot;,&quot;interval&quot;:5,&quot;loop_manual&quot;:&quot;manual-endless&quot;,&quot;autoplay_stopper&quot;:false,&quot;noNavigation&quot;:true,&quot;bg_slider&quot;:false,&quot;keep_padding&quot;:false,&quot;hoverpause&quot;:false,&quot;show_slide_delay&quot;:0}"  itemprop="image" itemscope="itemscope" itemtype="https://schema.org/ImageObject" ><ul class='avia-slideshow-inner ' style='padding-bottom: 42%;'><li  class='avia-slideshow-slide av-kqwhdkff-ba55b9c94521400b578f986213fea580__0  av-single-slide slide-1 slide-odd'><div data-rel='slideshow-1' class='avia-slide-wrap '   ><img decoding="async" fetchpriority="high" class="wp-image-5168 avia-img-lazy-loading-not-5168"  src="https://villamazarron.nl/wp-content/uploads/2025/02/Strand-villamazarron-1500x630.jpg" width="1500" height="630" title='Strand - villamazarron' alt=''  itemprop="thumbnailUrl"   /></div></li></ul></div></div><div id='after_full_slider_1'  class='main_color av_default_container_wrap container_wrap fullsize'  ><div class='container av-section-cont-open' ><div class='template-page content  av-content-full alpha units'><div class='post-entry post-entry-type-page post-entry-1841'><div class='entry-content-wrapper clearfix'>

<style type="text/css" data-created_by="avia_inline_auto" id="style-css-av-6rcwi-50e8109c3275d7bee153623f957f94b6">
.flex_column.av-6rcwi-50e8109c3275d7bee153623f957f94b6{
border-radius:0px 0px 0px 0px;
padding:0px 0px 0px 0px;
}
</style>
<div  class='flex_column av-6rcwi-50e8109c3275d7bee153623f957f94b6 av_one_full  avia-builder-el-1  el_after_av_slideshow_full  avia-builder-el-no-sibling  first flex_column_div av-zero-column-padding  '     ><p>
<style type="text/css" data-created_by="avia_inline_auto" id="style-css-av-14jz6-fe24346676c6e4ee76c5c651d9fe931d">
#top .av-special-heading.av-14jz6-fe24346676c6e4ee76c5c651d9fe931d{
padding-bottom:10px;
}
body .av-special-heading.av-14jz6-fe24346676c6e4ee76c5c651d9fe931d .av-special-heading-tag .heading-char{
font-size:25px;
}
.av-special-heading.av-14jz6-fe24346676c6e4ee76c5c651d9fe931d .av-subheading{
font-size:15px;
}
</style>
<div  class='av-special-heading av-14jz6-fe24346676c6e4ee76c5c651d9fe931d av-special-heading-h1 blockquote modern-quote modern-centered  avia-builder-el-2  el_before_av_textblock  avia-builder-el-first '><h1 class='av-special-heading-tag '  itemprop="headline"  >Strand</h1><div class="special-heading-border"><div class="special-heading-inner-border"></div></div></div><br />
<section  class='av_textblock_section av-kqwfrq1w-dc9a8dd3688f9d156b260e169f959240 '   itemscope="itemscope" itemtype="https://schema.org/CreativeWork" ><div class='avia_textblock'  itemprop="text" ><p>Die südliche Costa Cálida ist ein kleines Paradies mit milden Temperaturen. Aufgrund des bergigen Hinterlandes ist dieses Gebiet windgeschützt, so dass die Temperaturen das ganze Jahr über sehr angenehm sind. Es gibt ein subtropisches Mittelmeerklima mit einer durchschnittlichen Jahrestemperatur von 18 ° C mit warmen, aber milden Sommern (28-32 ° C) und milden Wintern; Ideal zum &#8222;Überwintern&#8220; an diesem fantastischen Küstenstreifen in einer der Villen von Villamazarron. Die Sonne scheint durchschnittlich 320 Tage im Jahr und ist damit einer der besten Orte in Europa, um Ihren Urlaub das ganze Jahr über zu feiern. Nicht umsonst wird dieser Küstenstreifen die &#8222;Costa Cálida&#8220; (warme Küste) genannt. Die Luftfeuchtigkeit ist sehr niedrig. All dies ergibt eine perfekte Kombination aus Meer, subtropischem Wetter, viel Licht und sauberer Luft. Darüber hinaus trägt das Vorhandensein von Salzseen und Kiefernwäldern zu einer gesunden Umwelt bei. Alle diese Faktoren zusammen wirken sich erstaunlich positiv auf Ihre Gesundheit aus. Beschwerden aufgrund von Rheuma, Gicht oder Lungenerkrankungen können aufgrund des klimatischen Einflusses dieser Region abnehmen. An der Costa Cálida finden Sie das beste und gesündeste Klima in Spanien, was durch die Tatsache bestätigt wird, dass die Weltgesundheitsorganisation (WHO) die Provinz Murcia aufgrund der sauberen Luft zur saubersten Provinz Europas erklärt hat. Erleben Sie es selbst; Willkommen als Gast von Villamazarron.</p>
<p>Klicken Sie <a title="Casa anavicente" href="http://www.villamazarron.nl/de/villas/casa-anavicente/">hier</a> für weitere Informationen über Casa Anavicente.<br />
<img decoding="async" class="aligncenter wp-image-1846 size-full" title="strand" src="https://villamazarron.nl/wp-content/uploads/2021/09/strand.png" alt="" width="704" height="348" srcset="https://villamazarron.nl/wp-content/uploads/2021/09/strand.png 704w, https://villamazarron.nl/wp-content/uploads/2021/09/strand-300x148.png 300w" sizes="(max-width: 704px) 100vw, 704px" /></p>
</div></section></p></div>
